{"id":1082,"date":"2022-02-08T22:21:21","date_gmt":"2022-02-09T02:21:21","guid":{"rendered":"https:\/\/cuaternion.tk\/?page_id=1082"},"modified":"2025-05-19T10:44:00","modified_gmt":"2025-05-19T14:44:00","slug":"primaria","status":"publish","type":"page","link":"https:\/\/leon.colegiocalasanz.edu.ni\/?page_id=1082","title":{"rendered":"Coordinaci\u00f3n de Primaria"},"content":{"rendered":"\t\t<div data-elementor-type=\"wp-post\" data-elementor-id=\"1082\" class=\"elementor elementor-1082\">\n\t\t\t\t\t\t\t\t\t<section class=\"elementor-section elementor-top-section elementor-element elementor-element-23514230 elementor-section-boxed elementor-section-height-default elementor-section-height-default\" data-id=\"23514230\" data-element_type=\"section\">\n\t\t\t\t\t\t<div class=\"elementor-container elementor-column-gap-wide\">\n\t\t\t\t\t<div class=\"elementor-column elementor-col-33 elementor-top-column elementor-element elementor-element-69ed9129\" data-id=\"69ed9129\" data-element_type=\"column\">\n\t\t\t<div class=\"elementor-widget-wrap elementor-element-populated\">\n\t\t\t\t\t\t\t\t<div class=\"elementor-element elementor-element-56207e36 elementor-widget elementor-widget-image\" data-id=\"56207e36\" data-element_type=\"widget\" data-widget_type=\"image.default\">\n\t\t\t\t<div class=\"elementor-widget-container\">\n\t\t\t\t\t\t\t\t\t\t\t\t\t\t\t<img loading=\"lazy\" decoding=\"async\" width=\"724\" height=\"1024\" src=\"https:\/\/leon.colegiocalasanz.edu.ni\/wp-content\/uploads\/2024\/07\/FRANCIS-FLORES-724x1024.jpg\" class=\"attachment-large size-large wp-image-4085\" alt=\"\" srcset=\"https:\/\/leon.colegiocalasanz.edu.ni\/wp-content\/uploads\/2024\/07\/FRANCIS-FLORES-724x1024.jpg 724w, https:\/\/leon.colegiocalasanz.edu.ni\/wp-content\/uploads\/2024\/07\/FRANCIS-FLORES-212x300.jpg 212w, https:\/\/leon.colegiocalasanz.edu.ni\/wp-content\/uploads\/2024\/07\/FRANCIS-FLORES-8x12.jpg 8w, https:\/\/leon.colegiocalasanz.edu.ni\/wp-content\/uploads\/2024\/07\/FRANCIS-FLORES-71x100.jpg 71w, https:\/\/leon.colegiocalasanz.edu.ni\/wp-content\/uploads\/2024\/07\/FRANCIS-FLORES-1086x1536.jpg 1086w, https:\/\/leon.colegiocalasanz.edu.ni\/wp-content\/uploads\/2024\/07\/FRANCIS-FLORES.jpg 1414w, https:\/\/leon.colegiocalasanz.edu.ni\/wp-content\/uploads\/2024\/07\/FRANCIS-FLORES-106x150.jpg 106w\" sizes=\"auto, (max-width: 724px) 100vw, 724px\" \/>\t\t\t\t\t\t\t\t\t\t\t\t\t\t\t<\/div>\n\t\t\t\t<\/div>\n\t\t\t\t\t<\/div>\n\t\t<\/div>\n\t\t\t\t<div class=\"elementor-column elementor-col-33 elementor-top-column elementor-element elementor-element-60f5a2c5\" data-id=\"60f5a2c5\" data-element_type=\"column\">\n\t\t\t<div class=\"elementor-widget-wrap elementor-element-populated\">\n\t\t\t\t\t\t\t\t<div class=\"elementor-element elementor-element-5f9be7fc elementor-widget elementor-widget-heading\" data-id=\"5f9be7fc\" data-element_type=\"widget\" data-widget_type=\"heading.default\">\n\t\t\t\t<div class=\"elementor-widget-container\">\n\t\t\t<h2 class=\"elementor-heading-title elementor-size-default\">Coordinadora de Primaria<\/h2>\t\t<\/div>\n\t\t\t\t<\/div>\n\t\t\t\t<div class=\"elementor-element elementor-element-4b1d3acc elementor-widget__width-initial elementor-widget elementor-widget-heading\" data-id=\"4b1d3acc\" data-element_type=\"widget\" data-widget_type=\"heading.default\">\n\t\t\t\t<div class=\"elementor-widget-container\">\n\t\t\t<p class=\"elementor-heading-title elementor-size-medium\">La coordinadora de primaria de 4to, 5to y 6to grado, coordina y acompa\u00f1a a los profesores en su desempe\u00f1o en planificaci\u00f3n acad\u00e9mica, horario de clase, pr\u00e1ctica laboral, etc.\nTambi\u00e9n facilita el enlace entre: familias-colegio, familias-maestros, maestros-alumnos, direcci\u00f3n- maestros.\nAdem\u00e1s es tarea de la coordinadora, la supervisi\u00f3n y mantenimiento de un ambiente acad\u00e9mico en el plantel y el seguimiento, junto al departamento de psicolog\u00eda, en casos especiales, en el aspecto acad\u00e9mico o conductual coordina y\/o supervisa las actividades curriculares y extra \u2013 curriculares, de forma que se lleven a cabo en orden y buscando siempre la excelencia.<br>La coordinadora, <span style=\"letter-spacing: 0.1px;\">imparte la asignatura de Ingl\u00e9s de sexto grado A y B\n<\/span><\/p>\t\t<\/div>\n\t\t\t\t<\/div>\n\t\t\t\t\t<\/div>\n\t\t<\/div>\n\t\t\t\t<div class=\"elementor-column elementor-col-33 elementor-top-column elementor-element elementor-element-1dcd61c9\" data-id=\"1dcd61c9\" data-element_type=\"column\" data-settings=\"{&quot;background_background&quot;:&quot;classic&quot;}\">\n\t\t\t<div class=\"elementor-widget-wrap\">\n\t\t\t\t\t\t\t\t\t<\/div>\n\t\t<\/div>\n\t\t\t\t\t\t\t<\/div>\n\t\t<\/section>\n\t\t\t\t<section class=\"elementor-section elementor-top-section elementor-element elementor-element-3597f0e elementor-section-boxed elementor-section-height-default elementor-section-height-default\" data-id=\"3597f0e\" data-element_type=\"section\">\n\t\t\t\t\t\t<div class=\"elementor-container elementor-column-gap-default\">\n\t\t\t\t\t<div class=\"elementor-column elementor-col-100 elementor-top-column elementor-element elementor-element-4ef5358\" data-id=\"4ef5358\" data-element_type=\"column\">\n\t\t\t<div class=\"elementor-widget-wrap elementor-element-populated\">\n\t\t\t\t\t\t\t\t<div class=\"elementor-element elementor-element-f23a4fe elementor-widget elementor-widget-heading\" data-id=\"f23a4fe\" data-element_type=\"widget\" data-widget_type=\"heading.default\">\n\t\t\t\t<div class=\"elementor-widget-container\">\n\t\t\t<h2 class=\"elementor-heading-title elementor-size-default\">Docentes de Primaria<\/h2>\t\t<\/div>\n\t\t\t\t<\/div>\n\t\t\t\t\t<\/div>\n\t\t<\/div>\n\t\t\t\t\t\t\t<\/div>\n\t\t<\/section>\n\t\t\t\t<section class=\"elementor-section elementor-top-section elementor-element elementor-element-be752ce elementor-section-boxed elementor-section-height-default elementor-section-height-default\" data-id=\"be752ce\" data-element_type=\"section\">\n\t\t\t\t\t\t<div class=\"elementor-container elementor-column-gap-default\">\n\t\t\t\t\t<div class=\"elementor-column elementor-col-25 elementor-top-column elementor-element elementor-element-29989ba\" data-id=\"29989ba\" data-element_type=\"column\">\n\t\t\t<div class=\"elementor-widget-wrap elementor-element-populated\">\n\t\t\t\t\t\t\t\t<div class=\"elementor-element elementor-element-f9c55b1 elementor-widget elementor-widget-image\" data-id=\"f9c55b1\" data-element_type=\"widget\" data-widget_type=\"image.default\">\n\t\t\t\t<div class=\"elementor-widget-container\">\n\t\t\t\t\t\t\t\t\t\t\t\t\t\t\t<img loading=\"lazy\" decoding=\"async\" width=\"724\" height=\"1024\" src=\"https:\/\/leon.colegiocalasanz.edu.ni\/wp-content\/uploads\/2025\/04\/33-724x1024.jpg\" class=\"attachment-large size-large wp-image-4710\" alt=\"\" srcset=\"https:\/\/leon.colegiocalasanz.edu.ni\/wp-content\/uploads\/2025\/04\/33-724x1024.jpg 724w, https:\/\/leon.colegiocalasanz.edu.ni\/wp-content\/uploads\/2025\/04\/33-212x300.jpg 212w, https:\/\/leon.colegiocalasanz.edu.ni\/wp-content\/uploads\/2025\/04\/33-8x12.jpg 8w, https:\/\/leon.colegiocalasanz.edu.ni\/wp-content\/uploads\/2025\/04\/33-71x100.jpg 71w, https:\/\/leon.colegiocalasanz.edu.ni\/wp-content\/uploads\/2025\/04\/33-1086x1536.jpg 1086w, https:\/\/leon.colegiocalasanz.edu.ni\/wp-content\/uploads\/2025\/04\/33.jpg 1414w, https:\/\/leon.colegiocalasanz.edu.ni\/wp-content\/uploads\/2025\/04\/33-106x150.jpg 106w\" sizes=\"auto, (max-width: 724px) 100vw, 724px\" \/>\t\t\t\t\t\t\t\t\t\t\t\t\t\t\t<\/div>\n\t\t\t\t<\/div>\n\t\t\t\t\t<\/div>\n\t\t<\/div>\n\t\t\t\t<div class=\"elementor-column elementor-col-25 elementor-top-column elementor-element elementor-element-89ab6e7\" data-id=\"89ab6e7\" data-element_type=\"column\">\n\t\t\t<div class=\"elementor-widget-wrap elementor-element-populated\">\n\t\t\t\t\t\t\t\t<div class=\"elementor-element elementor-element-9897a8e elementor-widget elementor-widget-image\" data-id=\"9897a8e\" data-element_type=\"widget\" data-widget_type=\"image.default\">\n\t\t\t\t<div class=\"elementor-widget-container\">\n\t\t\t\t\t\t\t\t\t\t\t\t\t\t\t<img loading=\"lazy\" decoding=\"async\" width=\"724\" height=\"1024\" src=\"https:\/\/leon.colegiocalasanz.edu.ni\/wp-content\/uploads\/2024\/07\/FAUSTO-MARTINEZ-724x1024.jpg\" class=\"attachment-large size-large wp-image-4095\" alt=\"\" srcset=\"https:\/\/leon.colegiocalasanz.edu.ni\/wp-content\/uploads\/2024\/07\/FAUSTO-MARTINEZ-724x1024.jpg 724w, https:\/\/leon.colegiocalasanz.edu.ni\/wp-content\/uploads\/2024\/07\/FAUSTO-MARTINEZ-212x300.jpg 212w, https:\/\/leon.colegiocalasanz.edu.ni\/wp-content\/uploads\/2024\/07\/FAUSTO-MARTINEZ-8x12.jpg 8w, https:\/\/leon.colegiocalasanz.edu.ni\/wp-content\/uploads\/2024\/07\/FAUSTO-MARTINEZ-71x100.jpg 71w, https:\/\/leon.colegiocalasanz.edu.ni\/wp-content\/uploads\/2024\/07\/FAUSTO-MARTINEZ-1086x1536.jpg 1086w, https:\/\/leon.colegiocalasanz.edu.ni\/wp-content\/uploads\/2024\/07\/FAUSTO-MARTINEZ.jpg 1414w, https:\/\/leon.colegiocalasanz.edu.ni\/wp-content\/uploads\/2024\/07\/FAUSTO-MARTINEZ-106x150.jpg 106w\" sizes=\"auto, (max-width: 724px) 100vw, 724px\" \/>\t\t\t\t\t\t\t\t\t\t\t\t\t\t\t<\/div>\n\t\t\t\t<\/div>\n\t\t\t\t\t<\/div>\n\t\t<\/div>\n\t\t\t\t<div class=\"elementor-column elementor-col-25 elementor-top-column elementor-element elementor-element-0bb169f\" data-id=\"0bb169f\" data-element_type=\"column\">\n\t\t\t<div class=\"elementor-widget-wrap elementor-element-populated\">\n\t\t\t\t\t\t\t\t<div class=\"elementor-element elementor-element-89f518d elementor-widget elementor-widget-image\" data-id=\"89f518d\" data-element_type=\"widget\" data-widget_type=\"image.default\">\n\t\t\t\t<div class=\"elementor-widget-container\">\n\t\t\t\t\t\t\t\t\t\t\t\t\t\t\t<img loading=\"lazy\" decoding=\"async\" width=\"724\" height=\"1024\" src=\"https:\/\/leon.colegiocalasanz.edu.ni\/wp-content\/uploads\/2024\/07\/MARIA-JOSES-724x1024.jpg\" class=\"attachment-large size-large wp-image-4105\" alt=\"\" srcset=\"https:\/\/leon.colegiocalasanz.edu.ni\/wp-content\/uploads\/2024\/07\/MARIA-JOSES-724x1024.jpg 724w, https:\/\/leon.colegiocalasanz.edu.ni\/wp-content\/uploads\/2024\/07\/MARIA-JOSES-212x300.jpg 212w, https:\/\/leon.colegiocalasanz.edu.ni\/wp-content\/uploads\/2024\/07\/MARIA-JOSES-8x12.jpg 8w, https:\/\/leon.colegiocalasanz.edu.ni\/wp-content\/uploads\/2024\/07\/MARIA-JOSES-71x100.jpg 71w, https:\/\/leon.colegiocalasanz.edu.ni\/wp-content\/uploads\/2024\/07\/MARIA-JOSES-1086x1536.jpg 1086w, https:\/\/leon.colegiocalasanz.edu.ni\/wp-content\/uploads\/2024\/07\/MARIA-JOSES.jpg 1414w, https:\/\/leon.colegiocalasanz.edu.ni\/wp-content\/uploads\/2024\/07\/MARIA-JOSES-106x150.jpg 106w\" sizes=\"auto, (max-width: 724px) 100vw, 724px\" \/>\t\t\t\t\t\t\t\t\t\t\t\t\t\t\t<\/div>\n\t\t\t\t<\/div>\n\t\t\t\t\t<\/div>\n\t\t<\/div>\n\t\t\t\t<div class=\"elementor-column elementor-col-25 elementor-top-column elementor-element elementor-element-e9e5d16\" data-id=\"e9e5d16\" data-element_type=\"column\">\n\t\t\t<div class=\"elementor-widget-wrap elementor-element-populated\">\n\t\t\t\t\t\t\t\t<div class=\"elementor-element elementor-element-c00e2d7 elementor-widget elementor-widget-image\" data-id=\"c00e2d7\" data-element_type=\"widget\" data-widget_type=\"image.default\">\n\t\t\t\t<div class=\"elementor-widget-container\">\n\t\t\t\t\t\t\t\t\t\t\t\t\t\t\t<img loading=\"lazy\" decoding=\"async\" width=\"724\" height=\"1024\" src=\"https:\/\/leon.colegiocalasanz.edu.ni\/wp-content\/uploads\/2024\/07\/PATRICIA-MARTINEZ-724x1024.jpg\" class=\"attachment-large size-large wp-image-4106\" alt=\"\" srcset=\"https:\/\/leon.colegiocalasanz.edu.ni\/wp-content\/uploads\/2024\/07\/PATRICIA-MARTINEZ-724x1024.jpg 724w, https:\/\/leon.colegiocalasanz.edu.ni\/wp-content\/uploads\/2024\/07\/PATRICIA-MARTINEZ-212x300.jpg 212w, https:\/\/leon.colegiocalasanz.edu.ni\/wp-content\/uploads\/2024\/07\/PATRICIA-MARTINEZ-8x12.jpg 8w, https:\/\/leon.colegiocalasanz.edu.ni\/wp-content\/uploads\/2024\/07\/PATRICIA-MARTINEZ-71x100.jpg 71w, https:\/\/leon.colegiocalasanz.edu.ni\/wp-content\/uploads\/2024\/07\/PATRICIA-MARTINEZ-1086x1536.jpg 1086w, https:\/\/leon.colegiocalasanz.edu.ni\/wp-content\/uploads\/2024\/07\/PATRICIA-MARTINEZ.jpg 1414w, https:\/\/leon.colegiocalasanz.edu.ni\/wp-content\/uploads\/2024\/07\/PATRICIA-MARTINEZ-106x150.jpg 106w\" sizes=\"auto, (max-width: 724px) 100vw, 724px\" \/>\t\t\t\t\t\t\t\t\t\t\t\t\t\t\t<\/div>\n\t\t\t\t<\/div>\n\t\t\t\t\t<\/div>\n\t\t<\/div>\n\t\t\t\t\t\t\t<\/div>\n\t\t<\/section>\n\t\t\t\t<section class=\"elementor-section elementor-top-section elementor-element elementor-element-f5fcaa5 elementor-section-boxed elementor-section-height-default elementor-section-height-default\" data-id=\"f5fcaa5\" data-element_type=\"section\">\n\t\t\t\t\t\t<div class=\"elementor-container elementor-column-gap-default\">\n\t\t\t\t\t<div class=\"elementor-column elementor-col-25 elementor-top-column elementor-element elementor-element-9c96fd3\" data-id=\"9c96fd3\" data-element_type=\"column\">\n\t\t\t<div class=\"elementor-widget-wrap elementor-element-populated\">\n\t\t\t\t\t\t\t\t<div class=\"elementor-element elementor-element-452a9d4 elementor-widget elementor-widget-image\" data-id=\"452a9d4\" data-element_type=\"widget\" data-widget_type=\"image.default\">\n\t\t\t\t<div class=\"elementor-widget-container\">\n\t\t\t\t\t\t\t\t\t\t\t\t\t\t\t<img loading=\"lazy\" decoding=\"async\" width=\"724\" height=\"1024\" src=\"https:\/\/leon.colegiocalasanz.edu.ni\/wp-content\/uploads\/2024\/07\/DIANA-MEDRANO-724x1024.jpg\" class=\"attachment-large size-large wp-image-4107\" alt=\"\" srcset=\"https:\/\/leon.colegiocalasanz.edu.ni\/wp-content\/uploads\/2024\/07\/DIANA-MEDRANO-724x1024.jpg 724w, https:\/\/leon.colegiocalasanz.edu.ni\/wp-content\/uploads\/2024\/07\/DIANA-MEDRANO-212x300.jpg 212w, https:\/\/leon.colegiocalasanz.edu.ni\/wp-content\/uploads\/2024\/07\/DIANA-MEDRANO-8x12.jpg 8w, https:\/\/leon.colegiocalasanz.edu.ni\/wp-content\/uploads\/2024\/07\/DIANA-MEDRANO-71x100.jpg 71w, https:\/\/leon.colegiocalasanz.edu.ni\/wp-content\/uploads\/2024\/07\/DIANA-MEDRANO-1086x1536.jpg 1086w, https:\/\/leon.colegiocalasanz.edu.ni\/wp-content\/uploads\/2024\/07\/DIANA-MEDRANO.jpg 1414w, https:\/\/leon.colegiocalasanz.edu.ni\/wp-content\/uploads\/2024\/07\/DIANA-MEDRANO-106x150.jpg 106w\" sizes=\"auto, (max-width: 724px) 100vw, 724px\" \/>\t\t\t\t\t\t\t\t\t\t\t\t\t\t\t<\/div>\n\t\t\t\t<\/div>\n\t\t\t\t\t<\/div>\n\t\t<\/div>\n\t\t\t\t<div class=\"elementor-column elementor-col-25 elementor-top-column elementor-element elementor-element-a23a1ef\" data-id=\"a23a1ef\" data-element_type=\"column\">\n\t\t\t<div class=\"elementor-widget-wrap elementor-element-populated\">\n\t\t\t\t\t\t\t\t<div class=\"elementor-element elementor-element-44c7fb7 elementor-widget elementor-widget-image\" data-id=\"44c7fb7\" data-element_type=\"widget\" data-widget_type=\"image.default\">\n\t\t\t\t<div class=\"elementor-widget-container\">\n\t\t\t\t\t\t\t\t\t\t\t\t\t\t\t<img loading=\"lazy\" decoding=\"async\" width=\"724\" height=\"1024\" src=\"https:\/\/leon.colegiocalasanz.edu.ni\/wp-content\/uploads\/2025\/04\/27-1-724x1024.jpg\" class=\"attachment-large size-large wp-image-4715\" alt=\"\" srcset=\"https:\/\/leon.colegiocalasanz.edu.ni\/wp-content\/uploads\/2025\/04\/27-1-724x1024.jpg 724w, https:\/\/leon.colegiocalasanz.edu.ni\/wp-content\/uploads\/2025\/04\/27-1-212x300.jpg 212w, https:\/\/leon.colegiocalasanz.edu.ni\/wp-content\/uploads\/2025\/04\/27-1-8x12.jpg 8w, https:\/\/leon.colegiocalasanz.edu.ni\/wp-content\/uploads\/2025\/04\/27-1-71x100.jpg 71w, https:\/\/leon.colegiocalasanz.edu.ni\/wp-content\/uploads\/2025\/04\/27-1-1086x1536.jpg 1086w, https:\/\/leon.colegiocalasanz.edu.ni\/wp-content\/uploads\/2025\/04\/27-1.jpg 1414w, https:\/\/leon.colegiocalasanz.edu.ni\/wp-content\/uploads\/2025\/04\/27-1-106x150.jpg 106w\" sizes=\"auto, (max-width: 724px) 100vw, 724px\" \/>\t\t\t\t\t\t\t\t\t\t\t\t\t\t\t<\/div>\n\t\t\t\t<\/div>\n\t\t\t\t\t<\/div>\n\t\t<\/div>\n\t\t\t\t<div class=\"elementor-column elementor-col-25 elementor-top-column elementor-element elementor-element-2dfa148\" data-id=\"2dfa148\" data-element_type=\"column\">\n\t\t\t<div class=\"elementor-widget-wrap elementor-element-populated\">\n\t\t\t\t\t\t\t\t<div class=\"elementor-element elementor-element-fe66f97 elementor-widget elementor-widget-image\" data-id=\"fe66f97\" data-element_type=\"widget\" data-widget_type=\"image.default\">\n\t\t\t\t<div class=\"elementor-widget-container\">\n\t\t\t\t\t\t\t\t\t\t\t\t\t\t\t<img loading=\"lazy\" decoding=\"async\" width=\"724\" height=\"1024\" src=\"https:\/\/leon.colegiocalasanz.edu.ni\/wp-content\/uploads\/2025\/04\/32-1-724x1024.jpg\" class=\"attachment-large size-large wp-image-4714\" alt=\"\" srcset=\"https:\/\/leon.colegiocalasanz.edu.ni\/wp-content\/uploads\/2025\/04\/32-1-724x1024.jpg 724w, https:\/\/leon.colegiocalasanz.edu.ni\/wp-content\/uploads\/2025\/04\/32-1-212x300.jpg 212w, https:\/\/leon.colegiocalasanz.edu.ni\/wp-content\/uploads\/2025\/04\/32-1-8x12.jpg 8w, https:\/\/leon.colegiocalasanz.edu.ni\/wp-content\/uploads\/2025\/04\/32-1-71x100.jpg 71w, https:\/\/leon.colegiocalasanz.edu.ni\/wp-content\/uploads\/2025\/04\/32-1-1086x1536.jpg 1086w, https:\/\/leon.colegiocalasanz.edu.ni\/wp-content\/uploads\/2025\/04\/32-1.jpg 1414w, https:\/\/leon.colegiocalasanz.edu.ni\/wp-content\/uploads\/2025\/04\/32-1-106x150.jpg 106w\" sizes=\"auto, (max-width: 724px) 100vw, 724px\" \/>\t\t\t\t\t\t\t\t\t\t\t\t\t\t\t<\/div>\n\t\t\t\t<\/div>\n\t\t\t\t\t<\/div>\n\t\t<\/div>\n\t\t\t\t<div class=\"elementor-column elementor-col-25 elementor-top-column elementor-element elementor-element-6097502\" data-id=\"6097502\" data-element_type=\"column\">\n\t\t\t<div class=\"elementor-widget-wrap elementor-element-populated\">\n\t\t\t\t\t\t\t\t<div class=\"elementor-element elementor-element-42f6ba8 elementor-widget elementor-widget-image\" data-id=\"42f6ba8\" data-element_type=\"widget\" data-widget_type=\"image.default\">\n\t\t\t\t<div class=\"elementor-widget-container\">\n\t\t\t\t\t\t\t\t\t\t\t\t\t\t\t<img loading=\"lazy\" decoding=\"async\" width=\"724\" height=\"1024\" src=\"https:\/\/leon.colegiocalasanz.edu.ni\/wp-content\/uploads\/2024\/07\/PEDRO-PEREZ-1-724x1024.jpg\" class=\"attachment-large size-large wp-image-4070\" alt=\"\" srcset=\"https:\/\/leon.colegiocalasanz.edu.ni\/wp-content\/uploads\/2024\/07\/PEDRO-PEREZ-1-724x1024.jpg 724w, https:\/\/leon.colegiocalasanz.edu.ni\/wp-content\/uploads\/2024\/07\/PEDRO-PEREZ-1-212x300.jpg 212w, https:\/\/leon.colegiocalasanz.edu.ni\/wp-content\/uploads\/2024\/07\/PEDRO-PEREZ-1-8x12.jpg 8w, https:\/\/leon.colegiocalasanz.edu.ni\/wp-content\/uploads\/2024\/07\/PEDRO-PEREZ-1-71x100.jpg 71w, https:\/\/leon.colegiocalasanz.edu.ni\/wp-content\/uploads\/2024\/07\/PEDRO-PEREZ-1-1086x1536.jpg 1086w, https:\/\/leon.colegiocalasanz.edu.ni\/wp-content\/uploads\/2024\/07\/PEDRO-PEREZ-1.jpg 1414w, https:\/\/leon.colegiocalasanz.edu.ni\/wp-content\/uploads\/2024\/07\/PEDRO-PEREZ-1-106x150.jpg 106w\" sizes=\"auto, (max-width: 724px) 100vw, 724px\" \/>\t\t\t\t\t\t\t\t\t\t\t\t\t\t\t<\/div>\n\t\t\t\t<\/div>\n\t\t\t\t\t<\/div>\n\t\t<\/div>\n\t\t\t\t\t\t\t<\/div>\n\t\t<\/section>\n\t\t\t\t<section class=\"elementor-section elementor-top-section elementor-element elementor-element-1811ba3 elementor-section-boxed elementor-section-height-default elementor-section-height-default\" data-id=\"1811ba3\" data-element_type=\"section\">\n\t\t\t\t\t\t<div class=\"elementor-container elementor-column-gap-default\">\n\t\t\t\t\t<div class=\"elementor-column elementor-col-25 elementor-top-column elementor-element elementor-element-037a891\" data-id=\"037a891\" data-element_type=\"column\">\n\t\t\t<div class=\"elementor-widget-wrap elementor-element-populated\">\n\t\t\t\t\t\t\t\t\t<\/div>\n\t\t<\/div>\n\t\t\t\t<div class=\"elementor-column elementor-col-25 elementor-top-column elementor-element elementor-element-fbe189a\" data-id=\"fbe189a\" data-element_type=\"column\">\n\t\t\t<div class=\"elementor-widget-wrap elementor-element-populated\">\n\t\t\t\t\t\t\t\t<div class=\"elementor-element elementor-element-3a4e884 elementor-widget elementor-widget-image\" data-id=\"3a4e884\" data-element_type=\"widget\" data-widget_type=\"image.default\">\n\t\t\t\t<div class=\"elementor-widget-container\">\n\t\t\t\t\t\t\t\t\t\t\t\t\t\t\t<img loading=\"lazy\" decoding=\"async\" width=\"724\" height=\"1024\" src=\"https:\/\/leon.colegiocalasanz.edu.ni\/wp-content\/uploads\/2025\/04\/29-1-724x1024.jpg\" class=\"attachment-large size-large wp-image-4716\" alt=\"\" srcset=\"https:\/\/leon.colegiocalasanz.edu.ni\/wp-content\/uploads\/2025\/04\/29-1-724x1024.jpg 724w, https:\/\/leon.colegiocalasanz.edu.ni\/wp-content\/uploads\/2025\/04\/29-1-212x300.jpg 212w, https:\/\/leon.colegiocalasanz.edu.ni\/wp-content\/uploads\/2025\/04\/29-1-8x12.jpg 8w, https:\/\/leon.colegiocalasanz.edu.ni\/wp-content\/uploads\/2025\/04\/29-1-71x100.jpg 71w, https:\/\/leon.colegiocalasanz.edu.ni\/wp-content\/uploads\/2025\/04\/29-1-1086x1536.jpg 1086w, https:\/\/leon.colegiocalasanz.edu.ni\/wp-content\/uploads\/2025\/04\/29-1.jpg 1414w, https:\/\/leon.colegiocalasanz.edu.ni\/wp-content\/uploads\/2025\/04\/29-1-106x150.jpg 106w\" sizes=\"auto, (max-width: 724px) 100vw, 724px\" \/>\t\t\t\t\t\t\t\t\t\t\t\t\t\t\t<\/div>\n\t\t\t\t<\/div>\n\t\t\t\t\t<\/div>\n\t\t<\/div>\n\t\t\t\t<div class=\"elementor-column elementor-col-25 elementor-top-column elementor-element elementor-element-0e9fceb\" data-id=\"0e9fceb\" data-element_type=\"column\">\n\t\t\t<div class=\"elementor-widget-wrap elementor-element-populated\">\n\t\t\t\t\t\t\t\t<div class=\"elementor-element elementor-element-534eea7 elementor-widget elementor-widget-image\" data-id=\"534eea7\" data-element_type=\"widget\" data-widget_type=\"image.default\">\n\t\t\t\t<div class=\"elementor-widget-container\">\n\t\t\t\t\t\t\t\t\t\t\t\t\t\t\t<img loading=\"lazy\" decoding=\"async\" width=\"724\" height=\"1024\" src=\"https:\/\/leon.colegiocalasanz.edu.ni\/wp-content\/uploads\/2025\/04\/31-1-724x1024.jpg\" class=\"attachment-large size-large wp-image-4717\" alt=\"\" srcset=\"https:\/\/leon.colegiocalasanz.edu.ni\/wp-content\/uploads\/2025\/04\/31-1-724x1024.jpg 724w, https:\/\/leon.colegiocalasanz.edu.ni\/wp-content\/uploads\/2025\/04\/31-1-212x300.jpg 212w, https:\/\/leon.colegiocalasanz.edu.ni\/wp-content\/uploads\/2025\/04\/31-1-8x12.jpg 8w, https:\/\/leon.colegiocalasanz.edu.ni\/wp-content\/uploads\/2025\/04\/31-1-71x100.jpg 71w, https:\/\/leon.colegiocalasanz.edu.ni\/wp-content\/uploads\/2025\/04\/31-1-1086x1536.jpg 1086w, https:\/\/leon.colegiocalasanz.edu.ni\/wp-content\/uploads\/2025\/04\/31-1.jpg 1414w, https:\/\/leon.colegiocalasanz.edu.ni\/wp-content\/uploads\/2025\/04\/31-1-106x150.jpg 106w\" sizes=\"auto, (max-width: 724px) 100vw, 724px\" \/>\t\t\t\t\t\t\t\t\t\t\t\t\t\t\t<\/div>\n\t\t\t\t<\/div>\n\t\t\t\t\t<\/div>\n\t\t<\/div>\n\t\t\t\t<div class=\"elementor-column elementor-col-25 elementor-top-column elementor-element elementor-element-97c656b\" data-id=\"97c656b\" data-element_type=\"column\">\n\t\t\t<div class=\"elementor-widget-wrap elementor-element-populated\">\n\t\t\t\t\t\t\t\t\t<\/div>\n\t\t<\/div>\n\t\t\t\t\t\t\t<\/div>\n\t\t<\/section>\n\t\t\t\t\t\t\t<\/div>\n\t\t","protected":false},"excerpt":{"rendered":"<p>Coordinadora de Primaria La coordinadora de primaria de 4to, 5to y 6to grado, coordina y acompa\u00f1a a los profesores en su desempe\u00f1o en planificaci\u00f3n acad\u00e9mica, horario de clase, pr\u00e1ctica laboral, etc. Tambi\u00e9n facilita el enlace entre: familias-colegio, familias-maestros, maestros-alumnos, direcci\u00f3n- maestros. Adem\u00e1s es tarea de&nbsp;<a href=\"https:\/\/leon.colegiocalasanz.edu.ni\/?page_id=1082\">&hellip;<\/a><\/p>\n","protected":false},"author":1,"featured_media":0,"parent":0,"menu_order":0,"comment_status":"closed","ping_status":"closed","template":"template-fullwidth.php","meta":{"footnotes":""},"class_list":["post-1082","page","type-page","status-publish","hentry","odd"],"_links":{"self":[{"href":"https:\/\/leon.colegiocalasanz.edu.ni\/index.php?rest_route=\/wp\/v2\/pages\/1082","targetHints":{"allow":["GET"]}}],"collection":[{"href":"https:\/\/leon.colegiocalasanz.edu.ni\/index.php?rest_route=\/wp\/v2\/pages"}],"about":[{"href":"https:\/\/leon.colegiocalasanz.edu.ni\/index.php?rest_route=\/wp\/v2\/types\/page"}],"author":[{"embeddable":true,"href":"https:\/\/leon.colegiocalasanz.edu.ni\/index.php?rest_route=\/wp\/v2\/users\/1"}],"replies":[{"embeddable":true,"href":"https:\/\/leon.colegiocalasanz.edu.ni\/index.php?rest_route=%2Fwp%2Fv2%2Fcomments&post=1082"}],"version-history":[{"count":145,"href":"https:\/\/leon.colegiocalasanz.edu.ni\/index.php?rest_route=\/wp\/v2\/pages\/1082\/revisions"}],"predecessor-version":[{"id":4858,"href":"https:\/\/leon.colegiocalasanz.edu.ni\/index.php?rest_route=\/wp\/v2\/pages\/1082\/revisions\/4858"}],"wp:attachment":[{"href":"https:\/\/leon.colegiocalasanz.edu.ni\/index.php?rest_route=%2Fwp%2Fv2%2Fmedia&parent=1082"}],"curies":[{"name":"wp","href":"https:\/\/api.w.org\/{rel}","templated":true}]}}