{"id":3324,"date":"2024-04-03T22:15:49","date_gmt":"2024-04-04T02:15:49","guid":{"rendered":"https:\/\/leon.colegiocalasanz.edu.ni\/?page_id=3324"},"modified":"2024-11-13T15:31:20","modified_gmt":"2024-11-13T19:31:20","slug":"pricing-2-2","status":"publish","type":"page","link":"https:\/\/leon.colegiocalasanz.edu.ni\/?page_id=3324","title":{"rendered":"Transporte Afiliados"},"content":{"rendered":"\t\t<div data-elementor-type=\"wp-page\" data-elementor-id=\"3324\" class=\"elementor elementor-3324\">\n\t\t\t\t\t\t\t\t\t<section class=\"elementor-section elementor-top-section elementor-element elementor-element-b666cf5 elementor-section-boxed elementor-section-height-default elementor-section-height-default\" data-id=\"b666cf5\" data-element_type=\"section\">\n\t\t\t\t\t\t<div class=\"elementor-container elementor-column-gap-default\">\n\t\t\t\t\t<div class=\"elementor-column elementor-col-100 elementor-top-column elementor-element elementor-element-0078751\" data-id=\"0078751\" data-element_type=\"column\">\n\t\t\t<div class=\"elementor-widget-wrap elementor-element-populated\">\n\t\t\t\t\t\t\t\t<div class=\"elementor-element elementor-element-12bdb34 elementor-widget elementor-widget-heading\" data-id=\"12bdb34\" data-element_type=\"widget\" data-widget_type=\"heading.default\">\n\t\t\t\t<div class=\"elementor-widget-container\">\n\t\t\t<h2 class=\"elementor-heading-title elementor-size-default\">Transporte Afiliado<\/h2>\t\t<\/div>\n\t\t\t\t<\/div>\n\t\t\t\t<div class=\"elementor-element elementor-element-e38da1e elementor-widget elementor-widget-heading\" data-id=\"e38da1e\" data-element_type=\"widget\" data-widget_type=\"heading.default\">\n\t\t\t\t<div class=\"elementor-widget-container\">\n\t\t\t<h4 class=\"elementor-heading-title elementor-size-default\">Hay recorridos de transporte escolar que ofrecen de manera particular llegando a los arreglos entre los due\u00f1os y los padres de familia, cabe se\u00f1alar que el colegio no tiene nada que ver con los servicios de transporte escolar que ofrecen estos transportistas:<br><br>---------- Jos\u00e9 Alarc\u00f3n<br>---------- V\u00edctor Mendoza<br>---------- Marvin Jir\u00f3n<br>---------- Martha Esquivel<\/h4>\t\t<\/div>\n\t\t\t\t<\/div>\n\t\t\t\t\t<\/div>\n\t\t<\/div>\n\t\t\t\t\t\t\t<\/div>\n\t\t<\/section>\n\t\t\t\t\t\t\t<\/div>\n\t\t","protected":false},"excerpt":{"rendered":"<p>Transporte Afiliado Hay recorridos de transporte escolar que ofrecen de manera particular llegando a los arreglos entre los due\u00f1os y los padres de familia, cabe se\u00f1alar que el colegio no tiene nada que ver con los servicios de transporte escolar que ofrecen estos transportistas: &#8212;&#8212;&#8212;-&nbsp;<a href=\"https:\/\/leon.colegiocalasanz.edu.ni\/?page_id=3324\">&hellip;<\/a><\/p>\n","protected":false},"author":5,"featured_media":0,"parent":378,"menu_order":0,"comment_status":"closed","ping_status":"closed","template":"template-sidebar-right-childpages.php","meta":{"footnotes":""},"class_list":["post-3324","page","type-page","status-publish","hentry","odd"],"_links":{"self":[{"href":"https:\/\/leon.colegiocalasanz.edu.ni\/index.php?rest_route=\/wp\/v2\/pages\/3324","targetHints":{"allow":["GET"]}}],"collection":[{"href":"https:\/\/leon.colegiocalasanz.edu.ni\/index.php?rest_route=\/wp\/v2\/pages"}],"about":[{"href":"https:\/\/leon.colegiocalasanz.edu.ni\/index.php?rest_route=\/wp\/v2\/types\/page"}],"author":[{"embeddable":true,"href":"https:\/\/leon.colegiocalasanz.edu.ni\/index.php?rest_route=\/wp\/v2\/users\/5"}],"replies":[{"embeddable":true,"href":"https:\/\/leon.colegiocalasanz.edu.ni\/index.php?rest_route=%2Fwp%2Fv2%2Fcomments&post=3324"}],"version-history":[{"count":17,"href":"https:\/\/leon.colegiocalasanz.edu.ni\/index.php?rest_route=\/wp\/v2\/pages\/3324\/revisions"}],"predecessor-version":[{"id":4474,"href":"https:\/\/leon.colegiocalasanz.edu.ni\/index.php?rest_route=\/wp\/v2\/pages\/3324\/revisions\/4474"}],"up":[{"embeddable":true,"href":"https:\/\/leon.colegiocalasanz.edu.ni\/index.php?rest_route=\/wp\/v2\/pages\/378"}],"wp:attachment":[{"href":"https:\/\/leon.colegiocalasanz.edu.ni\/index.php?rest_route=%2Fwp%2Fv2%2Fmedia&parent=3324"}],"curies":[{"name":"wp","href":"https:\/\/api.w.org\/{rel}","templated":true}]}}