{"id":3354,"date":"2024-04-04T17:10:51","date_gmt":"2024-04-04T21:10:51","guid":{"rendered":"https:\/\/leon.colegiocalasanz.edu.ni\/?page_id=3354"},"modified":"2024-05-06T11:27:00","modified_gmt":"2024-05-06T15:27:00","slug":"historia","status":"publish","type":"page","link":"https:\/\/leon.colegiocalasanz.edu.ni\/?page_id=3354","title":{"rendered":"Historia en Le\u00f3n"},"content":{"rendered":"\t\t<div data-elementor-type=\"wp-page\" data-elementor-id=\"3354\" class=\"elementor elementor-3354\">\n\t\t\t\t\t\t\t\t\t<section class=\"elementor-section elementor-top-section elementor-element elementor-element-b666cf5 elementor-section-boxed elementor-section-height-default elementor-section-height-default\" data-id=\"b666cf5\" data-element_type=\"section\">\n\t\t\t\t\t\t<div class=\"elementor-container elementor-column-gap-default\">\n\t\t\t\t\t<div class=\"elementor-column elementor-col-100 elementor-top-column elementor-element elementor-element-9f87d42\" data-id=\"9f87d42\" data-element_type=\"column\">\n\t\t\t<div class=\"elementor-widget-wrap\">\n\t\t\t\t\t\t\t\t\t<\/div>\n\t\t<\/div>\n\t\t\t\t\t\t\t<\/div>\n\t\t<\/section>\n\t\t\t\t<section class=\"elementor-section elementor-top-section elementor-element elementor-element-5404377 elementor-section-boxed elementor-section-height-default elementor-section-height-default\" data-id=\"5404377\" data-element_type=\"section\">\n\t\t\t\t\t\t<div class=\"elementor-container elementor-column-gap-default\">\n\t\t\t\t\t<div class=\"elementor-column elementor-col-100 elementor-top-column elementor-element elementor-element-edfc212\" data-id=\"edfc212\" data-element_type=\"column\">\n\t\t\t<div class=\"elementor-widget-wrap\">\n\t\t\t\t\t\t\t\t\t<\/div>\n\t\t<\/div>\n\t\t\t\t\t\t\t<\/div>\n\t\t<\/section>\n\t\t\t\t<section class=\"elementor-section elementor-top-section elementor-element elementor-element-5a09824 elementor-section-boxed elementor-section-height-default elementor-section-height-default\" data-id=\"5a09824\" data-element_type=\"section\" data-settings=\"{&quot;background_background&quot;:&quot;classic&quot;}\">\n\t\t\t\t\t\t<div class=\"elementor-container elementor-column-gap-default\">\n\t\t\t\t\t<div class=\"elementor-column elementor-col-50 elementor-top-column elementor-element elementor-element-364bd26\" data-id=\"364bd26\" data-element_type=\"column\">\n\t\t\t<div class=\"elementor-widget-wrap\">\n\t\t\t\t\t\t\t\t\t<\/div>\n\t\t<\/div>\n\t\t\t\t<div class=\"elementor-column elementor-col-50 elementor-top-column elementor-element elementor-element-71fb60c\" data-id=\"71fb60c\" data-element_type=\"column\">\n\t\t\t<div class=\"elementor-widget-wrap elementor-element-populated\">\n\t\t\t\t\t\t\t\t<div class=\"elementor-element elementor-element-27ebcf5 elementor-widget elementor-widget-heading\" data-id=\"27ebcf5\" data-element_type=\"widget\" data-widget_type=\"heading.default\">\n\t\t\t\t<div class=\"elementor-widget-container\">\n\t\t\t<h2 class=\"elementor-heading-title elementor-size-default\">Breve Rese\u00f1a<\/h2>\t\t<\/div>\n\t\t\t\t<\/div>\n\t\t\t\t\t<\/div>\n\t\t<\/div>\n\t\t\t\t\t\t\t<\/div>\n\t\t<\/section>\n\t\t\t\t<section class=\"elementor-section elementor-top-section elementor-element elementor-element-54067fa elementor-section-boxed elementor-section-height-default elementor-section-height-default\" data-id=\"54067fa\" data-element_type=\"section\" data-settings=\"{&quot;background_background&quot;:&quot;classic&quot;}\">\n\t\t\t\t\t\t<div class=\"elementor-container elementor-column-gap-default\">\n\t\t\t\t\t<div class=\"elementor-column elementor-col-50 elementor-top-column elementor-element elementor-element-5ce18bc\" data-id=\"5ce18bc\" data-element_type=\"column\">\n\t\t\t<div class=\"elementor-widget-wrap\">\n\t\t\t\t\t\t\t\t\t<\/div>\n\t\t<\/div>\n\t\t\t\t<div class=\"elementor-column elementor-col-50 elementor-top-column elementor-element elementor-element-edb64dc\" data-id=\"edb64dc\" data-element_type=\"column\">\n\t\t\t<div class=\"elementor-widget-wrap elementor-element-populated\">\n\t\t\t\t\t\t\t\t<div class=\"elementor-element elementor-element-cee406f elementor-widget elementor-widget-heading\" data-id=\"cee406f\" data-element_type=\"widget\" data-widget_type=\"heading.default\">\n\t\t\t\t<div class=\"elementor-widget-container\">\n\t\t\t<h2 class=\"elementor-heading-title elementor-size-default\">LLegada de los Escolapios en Le\u00f3n<\/h2>\t\t<\/div>\n\t\t\t\t<\/div>\n\t\t\t\t<div class=\"elementor-element elementor-element-21f1540 elementor-widget__width-initial elementor-widget elementor-widget-heading\" data-id=\"21f1540\" data-element_type=\"widget\" data-widget_type=\"heading.default\">\n\t\t\t\t<div class=\"elementor-widget-container\">\n\t\t\t<h4 class=\"elementor-heading-title elementor-size-medium\">Llegada de los Escolapios a Centroam\u00e9rica.\n\nUn poco de historia sobre nuestra obra y comunidad, en este a\u00f1o en que cumplimos 70 a\u00f1os de presencia en Le\u00f3n y en todo Centroam\u00e9rica.\n\nEn el a\u00f1o de 1948, la \u00fanica de las cinco Provincias escolapias de Espa\u00f1a que no hab\u00eda participado de la expansi\u00f3n americana era la de Valencia. En este a\u00f1o llegan a Le\u00f3n los padres Remigio Mangual y Joaqu\u00edn Ferr\u00e1ndis, respondiendo al ofrecimiento espont\u00e1neo e insistente del Ser. Obispo de Le\u00f3n, Isidro Augusto Oviedo y Reyes, por v\u00eda de la Curia General de Roma. Ofrecimiento acogido por el P. Provincial, Jes\u00fas G\u00f3mez, con su Consejo Provincial.\n\nLa poetisa leonesa Mariana Samson, de Arguello Cervantes, hace una cr\u00f3nica, con las siguientes palabras, del recibimiento que se le dio a los primeros escolapios que llegaron a Le\u00f3n y fueron recibidos en olor de multitud por el pueblo leon\u00e9s, frente a la catedral:\n\n\u201cLas doce y media del d\u00eda, calor sofocante, refrescado, s\u00ed, por una esperanza, nuestra vieja catedral habla con sus campanas de bronce; no se queja del tiempo, \u00a1No!,  ni de tristeza, con dobles anunciando muerte. \u00a1No!, la Catedral habla a gritos, pero esos gritos solemnes que guarda para sus d\u00edas de fiestas. \u00a1Hoy llegan los Escolapios! Los dignos hijos de Jos\u00e9 de Calasanz. El tren anuncia, con su prolongado silbido, que \u00e9l es portador de esa alegr\u00eda; pero lo ignora. Esperamos, reunidos todos bajo las naves de nuestra Catedral, que mostramos con orgullo porque sabemos que es una de las mejores de Am\u00e9rica\u2026.. Esta Am\u00e9rica que tiende \u201cun puente luminoso de un rayo\u201d a estos hijos de la Madre Espa\u00f1a, a este pedazo del viejo continente. \u2026\u2026 \u00a1Los Escolapios han llegado! Rvdos. Padres Remigio Mengual y Joaqu\u00edn Ferrandis, de noble presencia, sonrientes, amables, con ligera fatiga en sus rostros, se dirigen al Altar rodeados de los Rvdos. Padres y Comisi\u00f3n de se\u00f1ores que fueron a recibirlos a la estaci\u00f3n del ferrocarril. Su Se\u00f1or\u00eda, Mons. Isidro A. Oviedo y Reyes va a oficiar el \u201cTe Deum\u201d, pero antes se dirige a los fieles para decirles el j\u00fabilo que su coraz\u00f3n siente al realizarse hoy uno sus m\u00e1s grandes anhelos: \u00a1fundar  un Colegio Calasancio en Le\u00f3n de los Caballeros!...\u201d\n\n \n\nAs\u00ed se inici\u00f3 el camino de la antigua Viceprovincia desde Le\u00f3n, ocupando y abandonando pronto el vetusto y ruinoso Colegio de San Ram\u00f3n, ubicado a un costado de la Catedral leonesa.\n\nSiguieron llegando escolapios: P. Ram\u00f3n Barber\u00e1 y otros, en abril siguiente P. Joaqu\u00edn Ferragud en setiembre inmediato con patente de Superior, el padre Jos\u00e9 Julio M\u00ednguez, y seis m\u00e1s desde mayo de 1949 al 1953.  Entre estos estaban los PP. Alfonso Estevez, Jes\u00fas San Feliu.  Eugenio Aparicio, etc. En 1953 llega el padre Alberto C\u00e1rcel llega inicialmente a Managua y en el 55 pasa a Le\u00f3n, quien se encarg\u00f3 del internado hasta que se cerr\u00f3.\n\nNo fue f\u00e1cil, pero s\u00ed acelerada la identificaci\u00f3n americana de unos escolapios procedentes del Levante Espa\u00f1ol, Valencia.\n\nA mediados de la d\u00e9cada de los 50, se pudo construir el edificio que hoy ocupamos en el barrio de Sutiaba, incluyendo internado, el cual dur\u00f3 pocos a\u00f1os, en el a\u00f1o de 1967 se cerr\u00f3. La mudanza al nuevo edificio se llev\u00f3 a cabo a finales de 1957 e inicios de 1958,  cuando le faltaban todav\u00eda algunos detalles, seg\u00fan nos cuenta el padre Alberto C\u00e1rcel Haya.\n\nEl 27 de septiembre de 1969 se funda el Instituto T\u00e9cnico de Le\u00f3n, denominado Manuel Ignacio Lacayo, aunque oficialmente queda registrado en el a\u00f1o de 1974.\n\nHoy el Colegio Calasanz de Le\u00f3n tiene 689 alumnos, contamos con 34 profesores repartidos de la siguiente manera: 3 de preescolar, 19 de Primaria y 12 de Secundaria. Un personal administrativo compuesto por 7 personas; personal de mantenimiento, 12 y de seguridad, 3.\n\nEl Centro Cultural Calasanz, que funciona en las instalaciones del antiguo MILT, cuenta con un personal de 6 empleados y en \u00e9l colaboran algunos j\u00f3venes voluntarios.\n\n <\/h4>\t\t<\/div>\n\t\t\t\t<\/div>\n\t\t\t\t\t<\/div>\n\t\t<\/div>\n\t\t\t\t\t\t\t<\/div>\n\t\t<\/section>\n\t\t\t\t\t\t\t<\/div>\n\t\t","protected":false},"excerpt":{"rendered":"<p>Breve Rese\u00f1a LLegada de los Escolapios en Le\u00f3n Llegada de los Escolapios a Centroam\u00e9rica. Un poco de historia sobre nuestra obra y comunidad, en este a\u00f1o en que cumplimos 70 a\u00f1os de presencia en Le\u00f3n y en todo Centroam\u00e9rica. En el a\u00f1o de 1948, la&nbsp;<a href=\"https:\/\/leon.colegiocalasanz.edu.ni\/?page_id=3354\">&hellip;<\/a><\/p>\n","protected":false},"author":5,"featured_media":0,"parent":378,"menu_order":0,"comment_status":"closed","ping_status":"closed","template":"template-sidebar-right-childpages.php","meta":{"footnotes":""},"class_list":["post-3354","page","type-page","status-publish","hentry","odd"],"_links":{"self":[{"href":"https:\/\/leon.colegiocalasanz.edu.ni\/index.php?rest_route=\/wp\/v2\/pages\/3354","targetHints":{"allow":["GET"]}}],"collection":[{"href":"https:\/\/leon.colegiocalasanz.edu.ni\/index.php?rest_route=\/wp\/v2\/pages"}],"about":[{"href":"https:\/\/leon.colegiocalasanz.edu.ni\/index.php?rest_route=\/wp\/v2\/types\/page"}],"author":[{"embeddable":true,"href":"https:\/\/leon.colegiocalasanz.edu.ni\/index.php?rest_route=\/wp\/v2\/users\/5"}],"replies":[{"embeddable":true,"href":"https:\/\/leon.colegiocalasanz.edu.ni\/index.php?rest_route=%2Fwp%2Fv2%2Fcomments&post=3354"}],"version-history":[{"count":17,"href":"https:\/\/leon.colegiocalasanz.edu.ni\/index.php?rest_route=\/wp\/v2\/pages\/3354\/revisions"}],"predecessor-version":[{"id":3795,"href":"https:\/\/leon.colegiocalasanz.edu.ni\/index.php?rest_route=\/wp\/v2\/pages\/3354\/revisions\/3795"}],"up":[{"embeddable":true,"href":"https:\/\/leon.colegiocalasanz.edu.ni\/index.php?rest_route=\/wp\/v2\/pages\/378"}],"wp:attachment":[{"href":"https:\/\/leon.colegiocalasanz.edu.ni\/index.php?rest_route=%2Fwp%2Fv2%2Fmedia&parent=3354"}],"curies":[{"name":"wp","href":"https:\/\/api.w.org\/{rel}","templated":true}]}}